14).
2, 107
Let l = -18 - -42. Suppose f - 7*f = -l. List the prime factors of f.
2
Suppose -6224 + 324 = -5*y. What are the prime factors of y?
2, 5, 59
Let c be (-256)/(-12) - 3/9. Suppose -5*f - 3*m = -2, 0*f - 3*f + 6 = 3*m. Let x = c + f. List the prime factors of x.
19
Let j(v) = -v**2 - 11*v + 15. Let g be j(-13). Let m be g/(-2 - (3 - 4)). What are the prime factors of m*(0 - -1) - -2?
13
Let o = 0 + 23. Let d = o + -1. Let h = d - 10. List the prime factors of h.
2, 3
Let b(c) be the first derivative of 2*c**3/3 - 11*c**2/2 + 10*c + 37. List the prime factors of b(5).
5
Let o(m) = -m**3 - m**2 + 3*m + 2. Suppose -l - 2*l = -162. Let a be l/(-90) + (-24)/10. List the prime factors of o(a).
11
Suppose -3*y = -3*u + 54, -6 = -y + 2*y + 3*u. List the prime factors of (-182)/(-6) - 10/y.
31
Let t = -57 - -799. What are the prime factors of t?
2, 7, 53
Suppose 20 = 4*v - 0*v. Suppose 0 = 4*p + v*n - 18, n - 6*n + 12 = p. What are the prime factors of (-345)/(-12) - p/(-8)?
29
Suppose -c = 4*z - 5*c - 1004, 3*z = 2*c + 754. Let j = z + -90. Let f = j - 91. List the prime factors of f.
71
Suppose 7*n = n + 960. Suppose -3*i = 5*j - 443, 3*i + n = 4*j + 621. List the prime factors of i.
151
Let b be 412/((-51)/(-15) - 3). Suppose 0*s + 10*s - b = 0. List the prime factors of s.
103
Let s(i) = -3*i - 15. Let v = -10 + -4. Let c be s(v). List the prime factors of 57*(-3)/(c/(-3)).
19
Suppose -6 = 11*u - 14*u. Suppose u*g = 7*g - 15. What are the prime factors of 35/g - (-2)/(-3)?
11
Suppose -5*c + 2*j = -5321, -5*c + 12*j - 9*j + 5324 = 0. What are the prime factors of c?
1063
Let n = -1 + 46. Suppose 5*j = n + 240. List the prime factors of j.
3, 19
Let s(i) = 95*i**3 - 50*i**3 - i**2 - 50*i**3 - 2*i - 1. Let u(h) = h + 2. Let o be u(-4). What are the prime factors of s(o)?
3, 13
Suppose -26*t + 19*t = 42. List the prime factors of (-115)/(-1) + (-4 - (t - -1)).
2, 29
Suppose -2*p + 40 = -2*m - m, -4 = -2*p. Let y(a) = a + 25. Let j be y(m). Suppose -j = -b + z, 3*b = -4*z + 1 + 24. What are the prime factors of b?
11
Let o(d) = d**2 + 30*d + 82. List the prime factors of o(-28).
2, 13
Let f(n) = -n**3 - 11*n**2 - 3*n - 9. Let u be ((-96)/20)/(-2)*-5. Let b be f(u). Suppose 3*l = 4*x - b, l - 57 = -x - 3*l. What are the prime factors of x?
3, 5
Let v = 755 + -180. Suppose -a + 6*a = v. What are the prime factors of a?
5, 23
Suppose 5*h + p + 2*p - 26 = 0, 0 = -4*p + 8. Suppose -2*v - 15 = v, 5*o - h*v - 665 = 0. List the prime factors of o.
3, 43
Let h = 135 + 659. List the prime factors of h.
2, 397
Let r(f) = -2 - 10*f + 8 - 5 - 48*f. What are the prime factors of r(-1)?
59
Let a = 8 - 18. Let h(d) be the first derivative of -d**2 + d - 11. What are the prime factors of h(a)?
3, 7
Let u(k) = k**2 - 4*k + 2. Let z be u(3). Let c(i) be the first derivative of -55*i**2/2 + i - 317. What are the prime factors of c(z)?
2, 7
Let p be 8/(-28) + 9/7. Let x(d) = 58*d. Let o be x(p). Suppose 2*g + s - 57 = 0, -3*g + 7*s + o = 3*s. What are the prime factors of g?
2, 13
Let h = -1480 + 2758. What are the prime factors of h?
2, 3, 71
Let r = 15 + -16. Let v(h) = h**2 + 2*h - 1. Let o be v(-4). Let j = o - r. What are the prime factors of j?
2
Let x(p) = -8*p - 6. Let k(w) = 5*w. Let m be k(2). Let l be x(m). Let y = -38 - l. What are the prime factors of y?
2, 3
Let d = 1 - -2. Suppose 3*z - z = -d*t + 14, 13 = 2*t + 5*z. Suppose t*g + 23 = 5*g - i, -g + 26 = 2*i. What are the prime factors of g?
2, 3
Suppose -36 + 428 = 4*i. Let d = i + -53. List the prime factors of d.
3, 5
Let k(g) = g + 5. Let j be k(-6). Let o be (100/(-6))/(j/3). Suppose -h = h - o. What are the prime factors of h?
5
Suppose -4*p - y = -5*y - 576, -2*y = p - 129. Let k = 271 - p. What are the prime factors of k?
2, 3, 11
Suppose f - 3091 = 3*s, -4*f + 29*s + 12390 = 30*s. List the prime factors of f.
19, 163
List the prime factors of 1/2*6 - -4301.
2, 269
Suppose 345 = 4*o - 775. What are the prime factors of o?
2, 5, 7
Let y(c) = 45*c - 33. List the prime factors of y(11).
2, 3, 7, 11
Let z(q) = -6*q**2 + 2*q + 4. Let y be z(-3). Let g = 13 - y. List the prime factors of g.
3, 23
Let i(x) = x**2 - 14*x + 7. Let q be i(14). Let h(a) = 3*a**2 - a - 15. Let f be h(q). Let j = -89 + f. List the prime factors of j.
2, 3
Let g be ((-4)/6)/(4/(-960)). Suppose 3*q + r = -4*r + 238, -2*q = 3*r - g. List the prime factors of q.
2, 43
Let x be ((-84)/70)/(4/(-10)). Suppose -52 = -5*k + x*k. Let p = k + 5. What are the prime factors of p?
31
Let w be 15*(4/(-18) - (-10)/18). Suppose -2 = 3*c - 5*p, -c + w*p + 2 = 16. What are the prime factors of c?
2, 3
Suppose 0 = 7*s - 550 + 95. Suppose -5*w - 141 - 149 = -4*t, -5*w - s = -t. What are the prime factors of t?
3, 5
Suppose 38*x + 1780 = 43*x. List the prime factors of x.
2, 89
Suppose -19810 = -96*b + 86*b. What are the prime factors of b?
7, 283
Let n(y) = 2*y - 20. Let v be n(7). Let d(o) = 6*o**2 + 26*o + 9. What are the prime factors of d(v)?
3, 23
Let z = 4 + 4. Suppose 7*d - z = 34. What are the prime factors of (-4)/(-12) + 454/d?
2, 19
Let g be 3/((3/(-33))/1). Let x = g + 48. Let k = -12 + x. List the prime factors of k.
3
List the prime factors of (-12154)/(-30) - -3*2/(-45).
3, 5
Suppose 6*i = 6462 + 1194. What are the prime factors of i?
2, 11, 29
Suppose 5*v + 26 = x + 1, -15 = -x + 3*v. Let u be (x - -5)*4/5. Suppose -4*d + 16 = -s + 51, -u*d + 25 = 3*s. List the prime factors of s.
3, 5
Let p(j) be the second derivative of 1/6*j**3 - j + 3/2*j**2 + 0 + 1/12*j**4. List the prime factors of p(4).
23
Suppose g = -3*c - 4*g + 250, -2*c = 3*g - 166. Suppose 77*b = c*b - 261. What are the prime factors of b?
3, 29
Let i(k) = 3*k**2 + 4*k + 2. Let v be (132/(-77))/(1/(-21)). Let l be v/(-27)*3/2. List the prime factors of i(l).
2, 3
Let m = -146 + 1230. What are the prime factors of m?
2, 271
Suppose -52 = -2*k - 4*a + 408, -2 = -a. List the prime factors of k.
2, 113
Let g be -5 + 5 + 6*1. Let v be 356/12 + 2/g. Suppose -v = -r - r. What are the prime factors of r?
3, 5
Let c(t) = 2*t**3 + t**2 - t. Let g be c(1). Suppose 4*y - 24 = 2*y. Suppose -6*p + p - 5*d = -40, -p = g*d - y. List the prime factors of p.
2
Let i = -34 - -19. Let s = i + 18. Suppose -s*d = -45 - 33. What are the prime factors of d?
2, 13
Let q(c) = 2*c**2 - 47*c + 26. What are the prime factors of q(24)?
2, 5
Let x(u) = -6*u + 28*u + 1 - 3*u. What are the prime factors of x(2)?
3, 13
Let j = 502 - 378. List the prime factors of j.
2, 31
Suppose -12*x - 446 = -6866. List the prime factors of x.
5, 107
Suppose -2*r + 4*d + 3338 = 0, 0 = r + 3*d - 338 - 1311. List the prime factors of r.
11, 151
Let j(p) = -p**3 - 19*p**2 + 3*p + 15. What are the prime factors of j(-21)?
2, 3, 139
What are the prime factors of (-3)/9*9783/(-3)?
1087
Let g be 1432/10*(3/6 - -2). Let q = g + -140. List the prime factors of q.
2, 109
Let b = -44 - -39. List the prime factors of ((-71)/b + -1)*(-70)/(-21).
2, 11
Let f be (-1 + 24/9)*3. Suppose 0*c - f*c = -5*s - 485, -3*c - 4*s = -326. List the prime factors of c.
2, 3, 17
Let l(z) = 379*z + 2. Let n be l(-1). List the prime factors of (-4)/26 + (-107126)/n.
2, 71
Let w(j) = j**3 - 4*j**2 - 3*j - 5. Let k(x) = -3*x - 13. Let u be k(-6). Let i be w(u). Let f(d) = 9*d - 5. What are the prime factors of f(i)?
2, 5
List the prime factors of 1998 + (-14 - 2)/2.
2, 5, 199
Let t = 2 + -11. Let p be (14 - -4)*t/(-6). Suppose 2*n - 5 = p. What are the prime factors of n?
2
Let q = -30 + 105. Suppose 150 = 5*a - q. Let d = a + -32. What are the prime factors of d?
13
Suppose -3 = -3*a - 5*h - 1, 0 = -4*a + h - 5. List the prime factors of (-3 + -1 + -3)*a.
7
List the prime factors of 39324/84 + (-3)/21*1.
2, 3, 13
Let y(t) = -t**3 + 9*t**2 - 10*t + 6. Let u be y(8). Let w(h) = -h**3 - 8*h**2 + 19*h - 6. List the prime factors of w(u).
2
Let y be (-50)/(-5) + -1 + -4. Suppose 0 = -y*z + 3*z. Suppose z*t - 2*t = -60. What are the prime factors of t?
2, 3, 5
Suppose 1 = d, -5*h - 3*d - 7 = -35. Let r(n) = 10*n**2 - 6*n - 2. What are the prime factors of r(h)?
2, 109
Suppose 5*g - 9 = 6. Suppose -3 = 2*f + 4*x - 91, 0 = g*f - x - 139. What are the prime factors of f?
2, 23
Let q = 7675 - 5119. List the prime factors of q.
2, 3, 71
Suppose 0 = 3